0. Let s(r) = -96*r. Let q be s(-2). What is the highest common divisor of x and q?
32
Suppose -2*u = -50 - 70. What is the greatest common divisor of u and 90?
30
Let z be ((-210)/(-8))/(10/400). What is the greatest common factor of z and 126?
42
Suppose -85 = -8*r + 7*r. Calculate the highest common divisor of r and 51.
17
Let k = 36 - 18. Suppose -4 = -2*v + k. Calculate the highest common factor of v and 44.
11
Suppose 3 = -u - 1. Let v be ((-3)/u)/(13/2288). Suppose 0 = -3*x - 9 + 45. What is the greatest common divisor of x and v?
12
Suppose 0 = -4*g + 4*z, 4*g = -z + 3 - 8. Let d be (0/(-2) - g)*(10 + 1). Calculate the highest common factor of 33 and d.
11
Suppose 0 = 6*n - 95 - 139. What is the highest common divisor of 39 and n?
39
Let b be 2/(-1)*(-6)/4. Let z(l) = l**2 - 3*l + 2. Let k be z(b). Suppose 3*y = -k*y + 140. What is the greatest common divisor of y and 7?
7
Let x(h) = 26*h + 248. Let j be x(-9). Calculate the highest common divisor of 357 and j.
7
Suppose -7*a + 7365 - 2703 = 0. Calculate the greatest common divisor of 18 and a.
18
Let i = 36 + -32. Suppose i*w = 5*s - 105, -12 - 10 = -s + w. Suppose 45 = 3*d - 108. Calculate the highest common divisor of s and d.
17
Let d be 7/(-28) + (-905)/(-20). Calculate the greatest common factor of d and 45.
45
Let v(x) = -4*x - 5. Let y be v(-3). Suppose -y*u + 148 + 27 = 0. What is the greatest common factor of u and 75?
25
Suppose -3*t - 1 + 19 = 0. Let n(x) = -x**2 - 24*x - 29. Let i be n(-23). Let y be 9/(-4)*-6*(-4)/i. Calculate the highest common factor of y and t.
3
Suppose -2594 = -3*g - 5*m - 284, -3*g - 4*m = -2313. Calculate the greatest common divisor of g and 25.
25
Let o = -12 + 30. Suppose 0 = 2*t - t + 5. Let i(n) = -n**3 - 6*n**2 - 6*n + 4. Let a be i(t). Calculate the greatest common divisor of o and a.
9
Suppose -4*h - 286 = 2*v - 3*v, 598 = 2*v + 5*h. What is the greatest common divisor of v and 21?
21
Let f = 2319 - 2309. Suppose 0*k - 3*o = 2*k - 186, 2*o = 4. What is the greatest common factor of f and k?
10
Suppose 34*y = 31*y + 12. What is the greatest common factor of y and 8?
4
Let l = -8 + 12. Let f = -39 - -71. Calculate the greatest common factor of f and l.
4
Let n = -550 - -563. What is the greatest common factor of n and 3263?
13
Suppose 5*y = 194 + 16. Suppose -6*r = -157 - 1103. What is the greatest common divisor of y and r?
42
Let p be 50/13 + 8/52. Suppose 8 = -4*w - p*a, w + 4*a + 8 + 9 = 0. Suppose 0 = -w*d - 2*d + 30. What is the highest common factor of d and 54?
6
Let p(r) = -r**2 - 2*r + 4. Let m be p(-3). Let d be 2/(-1) + 31 + m. Suppose -y - y = -d. Calculate the highest common divisor of y and 5.
5
Let q be (-6)/(-1) - (2 + 1). What is the highest common divisor of q and 11?
1
Let r = 149 + -140. What is the greatest common divisor of r and 63?
9
Suppose 5*y - 588 = 2*y. Let i(l) be the second derivative of -11*l**3/6 - 5*l**2/2 - 4*l + 1. Let s be i(-3). What is the greatest common divisor of y and s?
28
Suppose -2*x + 8 = 2. Let h = 1 - 3. Let v = 13 - h. What is the greatest common divisor of v and x?
3
Suppose 5*o - 4*j - 79 = 0, 0 = -13*o + 10*o + 3*j + 45. Calculate the highest common factor of o and 1.
1
Let z = -255 + 272. What is the highest common factor of 425 and z?
17
Suppose 3*t = 3*j - 3, 4*t + 2*j + 3*j + 13 = 0. Let n be 190/20 - t/(-4). What is the greatest common divisor of 108 and n?
9
Let t = -7 - -9. Suppose -8*o - 30 = -5*o. Let a be (o/1)/(t/(-3)). Calculate the highest common divisor of 6 and a.
3
Suppose -6*u + 1820 = 38. Calculate the greatest common factor of 55 and u.
11
Suppose 0 = -5*g - 4*k + 32, -2*g + 4*k + 40 = 2*g. Let w be -5*(1 + (-18)/10)*g. What is the greatest common factor of 8 and w?
8
Suppose -392 - 454 = 6*x. Let j = -134 - x. Let d = 83 + -55. Calculate the highest common divisor of j and d.
7
Let g(a) = 6*a - 8*a + 6*a**2 + 10 - a**3 - 13. Suppose -5*w = -21 - 4. Let z be g(w). Calculate the greatest common factor of 18 and z.
6
Let r be 29 - (-6)/15*(0 + -15). Calculate the greatest common factor of 4 and r.
1
Let b(m) = -m**3 + 10*m**2 - 2. Let d be b(8). Let g = d + -38. Suppose 0 = 3*j - j - g. What is the highest common factor of 110 and j?
22
Suppose -2*d = 205*x - 209*x - 518, 0 = 2*d - 2*x - 514. What is the greatest common factor of 102 and d?
51
Suppose -4 = -15*q + 11*q. Suppose 0*s + 2*x - 34 = -4*s, -q = -x. Calculate the highest common divisor of 88 and s.
8
Let n = 84 + 129. Suppose 2*h - 93 = n. Suppose -4*o = -74 + 6. What is the highest common divisor of h and o?
17
Let i be 4/(-3*(-1)/522). What is the highest common divisor of 87 and i?
87
Let b be (-2)/(-8) - 441/(-28). Suppose -v + b = -7. Let k = -5 + v. What is the highest common factor of k and 36?
18
Let i(k) = 2*k**2 - 5*k - 6. Let v be i(-1). Let b(d) = -d + 7. Let t be b(5). Calculate the greatest common factor of t and v.
1
Let j(u) = -u**2 + 15*u + 84. Let c be j(19). Let t = 20 + -8. Let d = t + -4. Calculate the greatest common divisor of c and d.
8
Let j(h) = -h**2 - 7*h - 10. Let r be j(-3). Suppose -1 - 7 = -2*v. Suppose -u = -v*o, -5*u + 3*o + o = -32. Calculate the greatest common factor of r and u.
2
Suppose -2*o + 4*q = -1129 + 137, -4*o + 1984 = -q. Calculate the highest common factor of o and 62.
62
Suppose -4*c - 242 = m, 3*c + 3*m = 4*m - 178. Let l = c + 68. What is the highest common divisor of l and 4?
4
Suppose 3*r + 5*a = 2 - 12, -5*r - a = -20. Suppose -r*s = -258 - 62. Calculate the greatest common divisor of s and 8.
8
Let k be (-6)/2*8/(-6). Let s = k - -3. Suppose 3*g - 34 = g + 3*m, 2*g + m - 26 = 0. What is the greatest common factor of s and g?
7
Let o be (28/(-8)*2)/((-2)/6). Suppose 13*g = o*g - 400. Calculate the highest common divisor of g and 10.
10
Let l = -782 - -914. Calculate the greatest common factor of l and 168.
12
Let n = -105 - -156. What is the greatest common factor of n and 17?
17
Suppose 0*y = 3*y - 9. Suppose -4*h - 3*s = -s - 396, y*h - 4*s - 308 = 0. What is the highest common factor of h and 40?
20
Suppose -11 + 1 = 5*g. Let d be (g/6)/((-1)/3). Let y = 10048 + -10044. Calculate the highest common divisor of y and d.
1
Let d = -12 - -17. Let v = 3379 + -3374. Calculate the greatest common factor of d and v.
5
Let f(d) = -2*d - 17. Suppose -2 = -a - 4*w, -4*w + 32 = -2*a - 3*w. Let q be f(a). What is the greatest common divisor of 121 and q?
11
Suppose 5*f - 10*f + 7590 = 0. What is the greatest common factor of 22 and f?
22
Let i be -10*(36/5 + -2). Let g = i - -55. What is the greatest common factor of g and 1?
1
Let c be (-38)/(-14) + 6/21. Suppose 0*v - 12 = -4*v. Suppose -c*g = -5*o - 14, -2*g = v*g - 3*o - 50. Calculate the highest common divisor of g and 91.
13
Let i = 2042 + -1734. Calculate the highest common divisor of 539 and i.
77
Let u = -2 + 31. Suppose 2*i + i - g = u, 0 = -5*i + 3*g + 43. What is the highest common divisor of 55 and i?
11
Suppose -2*u = -4*o + 90, -52 - 41 = -4*o - u. Calculate the greatest common divisor of o and 161.
23
Let d = -3 + 5. Suppose -3*y - 3*h = d*y - 6, 4*y = 2*h + 18. Suppose -y*o - 24 = -5*o. What is the highest common factor of 48 and o?
12
Suppose 0 = -4*r - 3*b + b + 76, 4*b = -2*r + 44. Suppose 0*g = 2*g - 6. Let c = g - 1. What is the greatest common factor of r and c?
2
Let p(c) = -c + 14. Let m be p(12). Suppose 30 = m*x - 18. What is the greatest common divisor of 8 and x?
8
Suppose 637 = -3*f - 5*q + 2090, -2*q = -4. What is the highest common divisor of 148 and f?
37
Let t(l) = -l**2 + 10*l + 9. Suppose -12 = -3*p + p. Let g be t(p). What is the highest common factor of g and 22?
11
Let f be (-8440)/(-24) - 4/6. Calculate the highest common divisor of 65 and f.
13
Let v be (2 + (-9)/6)*(25 - 11). Suppose m - v*m + 210 = 0. Calculate the greatest common factor of m and 7.
7
Let s be (-30)/195 + (2 - (-2318)/26). What is the greatest common divisor of 13 and s?
13
Suppose -3*t + 17 + 55 = 0. Suppose 717*v - 709*v = 64. Calculate the highest common divisor of v and t.
8
Let l be 21431/551 - (4/(-19))/2. Suppose 5*m = 5, -2*f + 158 = 2*f + 2*m. Calculate the highest common divisor of l and f.
39
Let m(i) = i**3 - 17*i**2 - 3*i + 21. Let z be m(17). Let f = z + 47. Calculate the greatest common facto